x = -4*d + 127. Calculate the greatest common divisor of d and 8283.
33
Let m(j) = -32*j**2 + 666*j - 5. Let l be m(14). Calculate the highest common divisor of l and 11.
11
Suppose 0 = 106*i - 66083 - 342653. Calculate the highest common factor of i and 32.
16
Let k(m) = 4*m**2 + 2*m - 1. Let n be k(2). Suppose 18*w = n*w + 9. Let r(t) = t**2 + 8*t + 1. Let q be r(w). What is the greatest common divisor of q and 10?
10
Suppose 4*g - 515 = -3*u, -g - 130 = -u + 51. Suppose 0 = -8*w + 15 + u. Let b be -34*(6/w + 6/(-8)). What is the greatest common factor of b and 119?
17
Let p = 2313 + -2025. Calculate the highest common factor of 352 and p.
32
Suppose -23*t + 5082 = -21*t - 4*p, 4*p - 7623 = -3*t. What is the greatest common divisor of t and 84?
21
Suppose -t + s = -2*s - 3336, -3*t + 10086 = 4*s. Calculate the greatest common divisor of 234 and t.
78
Let h = -673 + 1173. Let x be (30/9)/1*3. What is the highest common factor of h and x?
10
Let w = 15 + 25. Suppose -3*i - 4*c + 23 = 0, -27 = -4*i + 2*c - 11. What is the greatest common factor of i and w?
5
Let t(g) be the third derivative of -5*g**4/12 - 3*g**2. Let y be t(-1). Suppose 801 + 9 = y*p. Calculate the highest common factor of p and 27.
27
Suppose 64 + 16 = -5*h. Let v = -25 + h. Let k = v - -56. Calculate the highest common divisor of k and 3.
3
Suppose 6*h - 21 = 183. Let f = -60 + h. Let i = -13 - f. Calculate the highest common factor of 52 and i.
13
Let d be (5*(-22)/220)/((-66948)/33472 - -2). Calculate the greatest common factor of d and 16.
8
Let w(k) = -k**2 + 33*k + 26472. Let o be w(180). Let z(u) = u**3 + 6*u**2 - u + 2. Let x be z(-6). Calculate the highest common factor of o and x.
4
Let g be 5 - (23324/(-748) + (-2)/(-11)). What is the highest common factor of 1350 and g?
18
Let d = 60 - 156. Let o = -46 - d. What is the greatest common divisor of o and 125?
25
Let c be 2 + (-242)/(8 + -19). Let r = -2 + -6. Let l = r - -16. Calculate the highest common factor of c and l.
8
Let q = -129 + 225. Suppose -2*b + q = -0*b. Let y = -330 + 354. Calculate the greatest common divisor of y and b.
24
Let k(r) = -r**3 - 19*r**2 + 15*r - 74. Let s be k(-20). What is the highest common divisor of s and 78?
26
Let c = 11164 + -11148. What is the greatest common divisor of 9008 and c?
16
Let a(l) = 5*l - 7. Let d be a(-9). Let m be (d/(-4 + 2))/((-2)/(-6)). What is the highest common divisor of m and 26?
26
Suppose -2*o - d = 2*o + 13479, 0 = o + 5*d + 3365. Let k be 96/72 + o/(-6) + 5. What is the greatest common factor of 71 and k?
71
Let d = 53 - -216. Let w = d - 249. What is the greatest common factor of w and 340?
20
Let f(m) = 2048*m**2 - 67*m - 31. Let y be f(-3). What is the greatest common divisor of 262 and y?
262
Let m = 6445 - 6427. What is the greatest common divisor of m and 19980?
18
Let n = 41 + -36. Let r = n + 19. Suppose 0 = -3*w - 16*w + 5016. Calculate the greatest common divisor of w and r.
24
Let s(u) = -u**3 - 29*u**2 + 53*u + 3. Let g be s(-31). What is the highest common factor of 24 and g?
6
Let j(m) = -738*m + 2415. Let r be j(3). Calculate the highest common factor of r and 15.
3
Let s = 5338 - 5238. Let r(q) = q**2 + 4*q - 3. Let j be r(2). Let k = j + 11. Calculate the highest common factor of k and s.
20
Suppose -33 = -5*q - 23. Suppose -q*g + 5*s = -10, -g + 4*s + 2 - 3 = 0. What is the greatest common factor of g and 6?
3
Let x be 8/((-5)/5 - -2). Suppose 5*b - 178 = -s, 5*s + 46 = x*b - 7*b. Calculate the greatest common factor of 144 and b.
36
Suppose -6*v + 96 = -5*v. Suppose 168*h + 90 = 178*h. Suppose s + v = h*s. Calculate the greatest common factor of 12 and s.
12
Suppose 2*x + 2*x = -x. Suppose -5*l = -3*v + 59, 5*v + x*l = -4*l + 86. Suppose 58 = 3*s - 23. Calculate the greatest common factor of v and s.
9
Let o(i) = -i**2 - 7*i - 1. Suppose -2*t = t + 18. Let j be o(t). Suppose 5*c + 22 + 9 = 4*g, 5*g - j*c = 35. What is the greatest common divisor of 2 and g?
2
Let o(i) = i**2 - 12*i - 13. Let t be o(-5). Suppose 4*u - t = 5*c - 381, -4*u - 179 = -3*c. Calculate the greatest common factor of c and 26.
13
Let k(d) = 152*d**2 + 3*d + 11. Let y be k(-3). Suppose a = 11*a + y. Let r = 281 + a. Calculate the highest common factor of 36 and r.
36
Let s be 105015/120 + 21/24 + -1 - -5. Calculate the highest common divisor of 10 and s.
10
Let s(w) = -w - 16. Let r be (344/10)/((-25)/250). Let p be 2/4 - (-3)/(48/r). Let k be s(p). What is the highest common divisor of 2 and k?
1
Let h be (1361071/531 - -65) + (-2)/9. What is the highest common divisor of 1168 and h?
292
Let r be (-96)/(-3 + -5) + -1 + -3. Let u(h) = h**2 - h - 28. Let d be u(7). Let a be 3/63*177 + (-6)/d. What is the greatest common divisor of a and r?
8
Suppose -2*k = -200 - 232. Suppose 141 = -5*l + k. What is the greatest common divisor of 465 and l?
15
Let d be (1/(-2))/(45/(-5670)). What is the greatest common divisor of 387 and d?
9
Let y(f) = -f**2 + 24*f + 17. Suppose 4*i = 66 - 22. Let h be y(i). Calculate the highest common factor of 50 and h.
10
Let l be (-8)/10*60/(-6). Let o(c) = c**2 - 30*c + 106. Let y be o(26). What is the greatest common divisor of y and l?
2
Let p = 3327 - 3291. What is the highest common divisor of 243 and p?
9
Let a(l) = 7*l + 18 - 11 - l + 23. Let m be a(-6). Let r be 72/(-20)*-5*(-3)/m. Calculate the greatest common divisor of r and 9.
9
Let w be (0 - (-5)/8)*(8 - 0). Suppose s - t = -0*s + 75, 0 = w*t - 10. What is the highest common factor of s and 693?
77
Suppose -5*l + z = -28367, 3*l - 17011 = 116*z - 120*z. What is the greatest common factor of 2013 and l?
183
Let d be (-27)/(-2)*(47 - 45). Calculate the highest common factor of 120 and d.
3
Let r = 565 + -565. Suppose r = -15*y + 4620 + 3105. Calculate the greatest common factor of 206 and y.
103
Let n be (-1 + 3 + -1)/(9/657). Let a = n + -68. Suppose -4*x - 63 = -3*b, a*b + 2*x + 7 - 138 = 0. Calculate the highest common factor of b and 5.
5
Let o be 1/(-7) + (-237740)/(-140) - -2. Calculate the highest common divisor of o and 595.
85
Let z = 17981 + -15349. What is the highest common divisor of 56 and z?
56
Let m(u) = -21*u**3 - 11*u**2 - 62*u + 14. Let s be m(-7). What is the greatest common factor of s and 84?
28
Let u be 4*((-20)/(-16))/1. Let p be -10 - -5 - -12 - (3 + 0). Suppose 0*j + 160 = p*j. Calculate the highest common factor of u and j.
5
Suppose 475*a = 470*a + 845. Calculate the greatest common divisor of 351 and a.
13
Let s be (318/(-9) - 1)*1*-3. Let u = s - -328. What is the highest common divisor of u and 19?
19
Let m(w) = 9*w**2 + w. Let x(q) = -44 - 23*q + 71*q - 27*q - 24*q. Let i be x(-15). Let f be m(i). What is the highest common divisor of 30 and f?
10
Let g be 2/16 - 9/72. Suppose g = i - l - 46, -l + 56 = i - 4*l. What is the highest common factor of i and 82?
41
Let t(v) = 12*v**3 - 9*v**2 - 22*v - 79. Let r be t(16). Calculate the greatest common factor of 133 and r.
133
Suppose -2*q - 4 = -b - 5, 3*b = q - 13. Let r be 10 + -8 - (-5 - q). Suppose -160 = -r*m - 5*m. Calculate the highest common factor of 12 and m.
4
Let u be ((-14)/(-21))/(1344/(-675) + 2). Suppose -3*o - 2*t = -u, o - 27 + 2 = 3*t. Let y = -3 + 13. Calculate the greatest common factor of y and o.
5
Suppose -82*k + 1965 = -22635. What is the greatest common divisor of 3180 and k?
60
Let t(n) = 25*n + 147. Let a(c) = 45*c + 293. Let m(p) = 4*a(p) - 7*t(p). Let w be m(-25). What is the highest common factor of 6 and w?
6
Let w be (-80 - 17)/(3*((-1)/12 + 0)). What is the highest common factor of w and 873?
97
Let y be ((-5)/(15/(-19442)))/((-4)/(-6)). Suppose 0 = -23*w + 4700 + y. Calculate the greatest common divisor of w and 66.
33
Let p(v) = 46*v - 1617. Let k be p(51). What is the highest common divisor of 9 and k?
9
Let n(w) = w**3 + 18*w**2 - 45*w + 49. Let f be n(-20). Calculate the highest common factor of 1937 and f.
149
Let k = 207 - 124. Let z be k/4 - 62/(-248). Suppose -4*u = -3 - 1, b - 62 = u. What is the greatest common factor of b and z?
21
Let w(s) = -s**2 + 29*s + 32. Let p be w(28). What is the highest common factor of 1212 and p?
12
Let f(w) = -2*w**2 - 16*w + 299. Let h be f(0). What is the greatest common factor of 46 and h?
23
Suppose 2*q = -4*x - 51 + 99, 